{"id":62,"date":"2025-07-14T20:18:14","date_gmt":"2025-07-14T20:18:14","guid":{"rendered":"https:\/\/freiburgerbsv.de\/?page_id=62"},"modified":"2026-04-06T09:49:40","modified_gmt":"2026-04-06T09:49:40","slug":"links","status":"publish","type":"page","link":"https:\/\/freiburgerbsv.de\/index.php\/links\/","title":{"rendered":"Links"},"content":{"rendered":"<h4><img loading=\"lazy\" decoding=\"async\" class=\"alignnone wp-image-892\" src=\"https:\/\/freiburgerbsv.de\/wp-content\/uploads\/2025\/12\/Links-1024x281.webp\" alt=\"\" width=\"1228\" height=\"337\" title=\"\" srcset=\"https:\/\/freiburgerbsv.de\/wp-content\/uploads\/2025\/12\/Links-1024x281.webp 1024w, https:\/\/freiburgerbsv.de\/wp-content\/uploads\/2025\/12\/Links-300x82.webp 300w, https:\/\/freiburgerbsv.de\/wp-content\/uploads\/2025\/12\/Links-768x210.webp 768w, https:\/\/freiburgerbsv.de\/wp-content\/uploads\/2025\/12\/Links-1536x421.webp 1536w, https:\/\/freiburgerbsv.de\/wp-content\/uploads\/2025\/12\/Links.webp 1777w\" sizes=\"auto, (max-width: 1228px) 100vw, 1228px\" \/><\/h4>\n<h4><\/h4>\n<h4><span style=\"font-size: 24pt; color: #008080;\">N\u00fctzliche Verkn\u00fcpfungen<\/span><\/h4>\n<ul>\n<li><span style=\"font-size: 18pt;\"><strong>BUND<\/strong> Deutscher Philatelisten e.V. (<strong>BDPh<\/strong>)\u00a0 \u00a0<span style=\"color: #0000ff;\"><a style=\"color: #0000ff;\" href=\"https:\/\/www.bdph.de\/\" target=\"_blank\" rel=\"noopener\">www.bdph.de\/<\/a><\/span><\/span><\/li>\n<li><span style=\"font-size: 18pt;\">BONUS-Programm f\u00fcr Mitglieder (<strong>BDPh<\/strong>)\u00a0 \u00a0<span style=\"color: #0000ff;\"><a style=\"color: #0000ff;\" href=\"https:\/\/www.bdph.de\/service\/bonusprogramm\" target=\"_blank\" rel=\"noopener\">www.bdph.de\/service\/bonusprogramm<\/a><\/span><\/span><\/li>\n<li><span style=\"font-size: 18pt;\">Bund Philatelistischer Pr\u00fcfer e.V. (<strong>BPP<\/strong>)\u00a0 \u00a0<a href=\"https:\/\/www.bpp.de\/\" target=\"_blank\" rel=\"noopener\"><span style=\"color: #0000ff;\">www.bpp.de\/<\/span><\/a><\/span><\/li>\n<li><span style=\"font-size: 18pt;\"><strong>LANDESVERBAND<\/strong> S\u00fcdwestdt. Briefmarkensammler im BDPh e.V. (<strong>LSW<\/strong>) <span style=\"color: #0000ff;\">\u00a0 <a style=\"color: #0000ff;\" href=\"https:\/\/www.briefmarken-suedwest.de\/\" target=\"_blank\" rel=\"noopener\">www.briefmarken-suedwest.de\/<\/a><\/span><\/span><\/li>\n<li><span style=\"font-size: 18pt;\"><strong>Region S\u00fcd-Baden<\/strong> mit 17 angeschlossenen Vereinen\u00a0 \u00a0<a href=\"https:\/\/www.briefmarken-suedwest.de\/Regionen\/SB.htm\" target=\"_blank\" rel=\"noopener\"><span style=\"color: #0000ff;\">www.briefmarken-suedwest.de\/Regionen\/SB.htm<\/span><\/a><\/span><\/li>\n<li><span style=\"font-size: 18pt;\">F\u00e9d\u00e9ration Internationale de Philat\u00e9lie <strong>WELTVERBAND<\/strong> (<strong>FIP<\/strong>)\u00a0 \u00a0<span style=\"color: #0000ff;\"><a style=\"color: #0000ff;\" href=\"https:\/\/www.f-i-p.ch\/\" target=\"_blank\" rel=\"noopener\">www.f-i-p.ch\/<\/a><\/span><\/span><\/li>\n<li><span style=\"font-size: 18pt;\">Federation of European Philatelic Associations <strong>EUROP\u00c4ISCHER VERBAND <\/strong>(<strong>FEPA<\/strong>)\u00a0 <span style=\"color: #0000ff;\"><a style=\"color: #0000ff;\" href=\"https:\/\/fepanews.com\/\" target=\"_blank\" rel=\"noopener\">https:\/\/fepanews.com\/<\/a><\/span><\/span><\/li>\n<\/ul>\n<p>&nbsp;<\/p>\n<h4><span style=\"font-size: 24pt; color: #008080;\">N\u00fctzliche Verkn\u00fcpfungen in der REGION<\/span><\/h4>\n<ul>\n<li><span style=\"font-size: 18pt;\">Interessengemeinschaft Philatelie in der <strong>Regio<\/strong> (<strong>IG-Philatelie Regio<\/strong>)\u00a0 \u00a0<span style=\"color: #0000ff;\"><a style=\"color: #0000ff;\" href=\"https:\/\/www.regiophila.eu\/index.php?lng=de&amp;tconfig=0#z2\" target=\"_blank\" rel=\"noopener\">www.regiophila.eu\/<\/a><\/span><\/span><\/li>\n<li><span style=\"font-size: 18pt;\"><strong>Breisacher<\/strong> Briefmarkensammlergruppe\u00a0 \u00a0<span style=\"color: #0000ff;\"><a style=\"color: #0000ff;\" href=\"https:\/\/breisach.regiophila.eu\/\" target=\"_blank\" rel=\"noopener\">https:\/\/breisach.regiophila.eu\/<\/a><\/span><\/span><\/li>\n<li><span style=\"font-size: 18pt;\">Briefmarken-Sammler-Bund<strong> L\u00f6rrach<\/strong> e.V.\u00a0 \u00a0<a href=\"https:\/\/www.briefmarken-loerrach.de\/\" target=\"_blank\" rel=\"noopener\"><span style=\"color: #0000ff;\">www.briefmarken-loerrach.de\/<\/span><\/a><\/span><\/li>\n<li><span style=\"font-size: 18pt;\">Briefmarken-Sammlerbund e.V.\u00a0<strong>Grenzach-Wyhlen<\/strong>\u00a0 \u00a0<a href=\"https:\/\/briefmarken-sammlerbund.de.tl\/\" target=\"_blank\" rel=\"noopener\"><span style=\"color: #0000ff;\">https:\/\/briefmarken-sammlerbund.de.tl\/<\/span><\/a><\/span><span style=\"font-size: 18pt;\"><br \/>\n<\/span><\/li>\n<li><span style=\"font-size: 18pt;\">Briefmarkensammler-Vereinigung Philatelie &#8211; <strong>Haslach i. K.<\/strong> e.V.\u00a0 \u00a0<span style=\"color: #0000ff;\"><a style=\"color: #0000ff;\" href=\"http:\/\/www.philatelie-haslach.de\/\" target=\"_blank\" rel=\"noopener\">philatelie-haslach.de\/<\/a><\/span><\/span><\/li>\n<li><span style=\"font-size: 18pt;\">Briefmarkenfreunde <strong>Offenburg-Oberkirch<\/strong>\u00a0 \u00a0<span style=\"color: #0000ff;\"><a style=\"color: #0000ff;\" href=\"https:\/\/briefmarkenfreunde-offenburg-oberkirch.iwebfree.de\/\" target=\"_blank\" rel=\"noopener\">briefmarkenfreunde-offenburg-oberkirch.iwebfree.de\/<\/a>\u00a0<\/span><\/span><\/li>\n<li><span style=\"font-size: 18pt;\">Philatelistes de <strong>Neuf-Brisach<\/strong> (APNE, <span style=\"color: #ff00ff;\"><strong>FRANKREICH<\/strong><\/span>)\u00a0 <span style=\"color: #0000ff;\"><a style=\"color: #0000ff;\" href=\"https:\/\/www.apne.info\/\" target=\"_blank\" rel=\"noopener\">www.apne.info\/<\/a><\/span><\/span><\/li>\n<li><span style=\"font-size: 18pt;\">Association philat\u00e9lique regio <strong>Saint Louis<\/strong> (<span style=\"color: #ff00ff;\"><strong>FRANKREICH<\/strong><\/span>)\u00a0 \u00a0<span style=\"color: #0000ff;\"><a style=\"color: #0000ff;\" href=\"https:\/\/apcnr-saint-louis.over-blog.com\/\" target=\"_blank\" rel=\"noopener\">https:\/\/apcnr-saint-louis.over-blog.com\/<\/a><\/span><\/span><\/li>\n<li><span style=\"font-size: 18pt;\">Soci\u00e9t\u00e9 Philat\u00e9lique de <strong>Colmar<\/strong> (APCNR, <span style=\"color: #ff00ff;\"><strong>FRANKREICH<\/strong><\/span>)\u00a0 <span style=\"color: #0000ff;\"><a style=\"color: #0000ff;\" href=\"https:\/\/spc.asso68.fr\/\" target=\"_blank\" rel=\"noopener\">https:\/\/spc.asso68.fr\/<\/a><\/span><\/span><\/li>\n<li><span style=\"font-size: 18pt;\">Schweizerischer Philatelisten-Verein <strong>Basel 1882<\/strong> (<span style=\"color: #ff0000;\"><strong>SCHWEIZ<\/strong><\/span>)\u00a0 <span style=\"color: #0000ff;\"><a style=\"color: #0000ff;\" href=\"https:\/\/philatelisten-basel.ch\/\" target=\"_blank\" rel=\"noopener\">https:\/\/philatelisten-basel.ch\/<\/a><\/span><\/span><\/li>\n<li><span style=\"font-size: 18pt;\">Briefmarkenclub<strong> Fricktal<\/strong> (<span style=\"color: #ff0000;\"><strong>SCHWEIZ<\/strong><\/span>)\u00a0 \u00a0<a title=\"www.briefmarkenclub-fricktal.ch\/\" href=\"https:\/\/www.briefmarkenclub-fricktal.ch\/\" target=\"_blank\" rel=\"noopener\"><span style=\"color: #0000ff;\">www.briefmarkenclub-fricktal.ch\/<\/span><\/a><\/span><\/li>\n<li><span style=\"font-size: 18pt;\">Briefmarkensammler-Verein <strong>Baselland<\/strong> (<span style=\"color: #ff0000;\"><strong>SCHWEIZ<\/strong><\/span>)\u00a0 \u00a0 <span style=\"color: #0000ff;\"><a style=\"color: #0000ff;\" href=\"https:\/\/www.briefmarken-bl.ch\/\" target=\"_blank\" rel=\"noopener\">https:\/\/www.briefmarken-bl.ch\/<\/a><\/span><\/span><\/li>\n<\/ul>\n<p>&nbsp;<\/p>\n<h2 class=\"\"><span style=\"font-size: 24pt; color: #008080;\">Vereine, Sammlergruppen und Arbeitsgemeinschaften in Deutschland<\/span><\/h2>\n<ul>\n<li><span style=\"font-size: 18pt;\"><strong>Ortsvereinslisten<\/strong> nach PLZ sortiert zum Download (<strong>BDPh<\/strong>)\u00a0 \u00a0<span style=\"color: #0000ff;\"><a style=\"color: #0000ff;\" href=\"https:\/\/www.bdph.de\/gemeinschaft\/ortsvereine\" target=\"_blank\" rel=\"noopener\">www.bdph.de\/gemeinschaft\/ortsvereine<\/a><\/span><\/span><\/li>\n<li><span style=\"font-size: 18pt;\">Mehr als 100 <strong>Arbeitsgemeinschaften<\/strong> (<strong>BDPh<\/strong>)\u00a0 \u00a0<span style=\"color: #0000ff;\"><a style=\"color: #0000ff;\" href=\"https:\/\/www.bdph.de\/gemeinschaft\/arbeitsgemeinschaften\" target=\"_blank\" rel=\"noopener\">www.bdph.de\/gemeinschaft\/arbeitsgemeinschaften<\/a><\/span><\/span>\n<ul>\n<li style=\"list-style-type: none;\">(Altdeutschland bis 1870, Deutschland 1871 bis 1945, Deutschland ab 1945, Postgeschichte Deutschland, Markenheftchen Deutschland, Europa, \u00dcberseeische L\u00e4nder, Weltweite Philatelie und Postgeschichte,\u00a0Thematische und Motivgemeinschaften, Luftpost, Ganzsachen, Fiskalphilatelie, Ansichtskarten, Literatur)<\/li>\n<\/ul>\n<\/li>\n<\/ul>\n<h4><\/h4>\n<p>&nbsp;<\/p>\n<h4><span style=\"font-size: 24pt; color: #008000;\">Jugendarbeit<\/span><\/h4>\n<ul>\n<li><span style=\"font-size: 18pt;\">Bundesverband der Jungen Briefmarkenfreunde <strong>Deutsche Philatelisten-Jugend e.V.\u00a0<\/strong> <span style=\"color: #0000ff;\"><a style=\"color: #0000ff;\" href=\"https:\/\/www.dphj.de\/\" target=\"_blank\" rel=\"noopener\">https:\/\/www.dphj.de\/<\/a><\/span><\/span><\/li>\n<li><span style=\"font-size: 18pt;\">Digitaler Treffpunkt rund ums Sammeln &#8222;<strong>PHiLAKiDS-ONLiNE<\/strong>&#8220;\u00a0 \u00a0<span style=\"color: #0000ff;\"><a style=\"color: #0000ff;\" href=\"https:\/\/www.philakids-online.de\/\" target=\"_blank\" rel=\"noopener\">https:\/\/www.philakids-online.de\/<\/a><\/span><\/span><\/li>\n<li><span style=\"font-size: 18pt;\">Landesring S\u00fcd-West der <strong>Deutschen Philatelisten-Jugend<\/strong> e.V.\u00a0 <a href=\"https:\/\/www.lrsw.de\/\" target=\"_blank\" rel=\"noopener\"><span style=\"color: #0000ff;\">https:\/\/www.lrsw.de\/<\/span><\/a><\/span><\/li>\n<\/ul>\n<h4><\/h4>\n<p>&nbsp;<\/p>\n<h4><span style=\"font-size: 24pt; color: #008080;\">Auktions- und Verkaufsportale<\/span><\/h4>\n<ul>\n<li><span style=\"font-size: 18pt;\"><strong>Auktion<\/strong>sportale weltweit\u00a0 \u00a0<span style=\"color: #0000ff;\"><a style=\"color: #0000ff;\" href=\"https:\/\/www.philasearch.com\/\" target=\"_blank\" rel=\"noopener\">www.philasearch.com\/<\/a><\/span><\/span><\/li>\n<li><span style=\"font-size: 18pt;\">Netzwerk Briefmarken<strong>auktion<\/strong>sh\u00e4user weltweit\u00a0 \u00a0<span style=\"color: #0000ff;\"><a style=\"color: #0000ff;\" href=\"https:\/\/stampauctionnetwork.com\/\" target=\"_blank\" rel=\"noopener\">https:\/\/stampauctionnetwork.com\/<\/a><\/span><\/span><\/li>\n<li><span style=\"font-size: 18pt;\">Delcampe (B)\u00a0 \u00a0<span style=\"color: #0000ff;\"><a style=\"color: #0000ff;\" href=\"http:\/\/www.delcampe.net\/\" target=\"_blank\" rel=\"noopener\">www.delcampe.net<\/a><\/span><\/span><\/li>\n<li><span style=\"font-size: 18pt;\">eBay\u00a0 \u00a0<span style=\"color: #0000ff;\"><a style=\"color: #0000ff;\" href=\"http:\/\/www.ebay.de\/\" target=\"_blank\" rel=\"noopener\">www.ebay.de<\/a><\/span><\/span><\/li>\n<li><span style=\"font-size: 18pt;\">Hipstamp (USA)\u00a0 <span style=\"color: #0000ff;\">\u00a0<a style=\"background-color: #ffffff; color: #0000ff;\" href=\"https:\/\/www.hipstamp.com\/\" target=\"_blank\" rel=\"noopener\">www.hipstamp.com\/<\/a><\/span><\/span><\/li>\n<\/ul>\n<p>&nbsp;<\/p>\n<h4><span style=\"font-size: 24pt; color: #008080;\">Herausragende\u00a0 Portale<\/span><\/h4>\n<ul>\n<li><span style=\"font-size: 18pt;\">Virtuelles Briefmarkenmuseum mit Rarit\u00e4ten &#8222;<strong>Museum of Philately<\/strong>&#8222;<\/span> <span style=\"font-size: 18pt;\">\u00a0 <span style=\"color: #0000ff;\">\u00a0<\/span><\/span><span style=\"color: #0000ff;\"><a style=\"font-size: 18pt; font-weight: inherit; background-color: #ffffff; color: #0000ff;\" href=\"https:\/\/www.museumofphilately.com\/\" target=\"_blank\" rel=\"noopener\">https:\/\/www.museumofphilately.com\/<\/a><\/span><\/li>\n<li><span style=\"font-size: 18pt;\">Exponate Online: Das <strong>Exponatportal<\/strong> des BDPh e.V. \u00a0 \u00a0<span style=\"color: #0000ff;\"><a style=\"color: #0000ff;\" href=\"https:\/\/www.exponate-online.de\/e_verteiler.asp?a=1\" target=\"_blank\" rel=\"noopener\">https:\/\/www.exponate-online.de\/e_verteiler.asp?a=1<\/a><\/span><\/span><\/li>\n<\/ul>\n<p>&nbsp;<\/p>\n<p><img loading=\"lazy\" decoding=\"async\" class=\"size-full wp-image-1023 aligncenter\" src=\"https:\/\/freiburgerbsv.de\/wp-content\/uploads\/2026\/02\/1974_Colmar.webp\" alt=\"\" width=\"237\" height=\"372\" title=\"\" srcset=\"https:\/\/freiburgerbsv.de\/wp-content\/uploads\/2026\/02\/1974_Colmar.webp 237w, https:\/\/freiburgerbsv.de\/wp-content\/uploads\/2026\/02\/1974_Colmar-191x300.webp 191w\" sizes=\"auto, (max-width: 237px) 100vw, 237px\" \/><\/p>\n<div class=\"pdfprnt-buttons pdfprnt-buttons-page pdfprnt-bottom-right\"><a href=\"https:\/\/freiburgerbsv.de\/index.php\/wp-json\/wp\/v2\/pages\/62?print=pdf\" class=\"pdfprnt-button pdfprnt-button-pdf\" target=\"_blank\"><\/a><a href=\"https:\/\/freiburgerbsv.de\/index.php\/wp-json\/wp\/v2\/pages\/62?print=print\" class=\"pdfprnt-button pdfprnt-button-print\" target=\"_blank\"><img decoding=\"async\" src=\"https:\/\/freiburgerbsv.de\/wp-content\/plugins\/pdf-print\/images\/print.png\" alt=\"image_print\" title=\"Inhalt drucken\" \/><\/a><\/div>","protected":false},"excerpt":{"rendered":"<p>N\u00fctzliche Verkn\u00fcpfungen BUND Deutscher Philatelisten e.V. (BDPh)\u00a0 \u00a0www.bdph.de\/ BONUS-Programm f\u00fcr Mitglieder (BDPh)\u00a0 \u00a0www.bdph.de\/service\/bonusprogramm Bund Philatelistischer Pr\u00fcfer e.V. (BPP)\u00a0 \u00a0www.bpp.de\/ LANDESVERBAND [&hellip;]<\/p>\n","protected":false},"author":1,"featured_media":0,"parent":0,"menu_order":0,"comment_status":"closed","ping_status":"closed","template":"","meta":{"_crdt_document":"","site-sidebar-layout":"default","site-content-layout":"","ast-site-content-layout":"default","site-content-style":"default","site-sidebar-style":"default","ast-global-header-display":"","ast-banner-title-visibility":"","ast-main-header-display":"","ast-hfb-above-header-display":"","ast-hfb-below-header-display":"","ast-hfb-mobile-header-display":"","site-post-title":"","ast-breadcrumbs-content":"","ast-featured-img":"","footer-sml-layout":"","ast-disable-related-posts":"","theme-transparent-header-meta":"default","adv-header-id-meta":"","stick-header-meta":"","header-above-stick-meta":"","header-main-stick-meta":"","header-below-stick-meta":"","astra-migrate-meta-layouts":"set","ast-page-background-enabled":"default","ast-page-background-meta":{"desktop":{"background-color":"var(--ast-global-color-5)","background-image":"","background-repeat":"repeat","background-position":"center center","background-size":"auto","background-attachment":"scroll","background-type":"","background-media":"","overlay-type":"","overlay-color":"","overlay-opacity":"","overlay-gradient":""},"tablet":{"background-color":"","background-image":"","background-repeat":"repeat","background-position":"center center","background-size":"auto","background-attachment":"scroll","background-type":"","background-media":"","overlay-type":"","overlay-color":"","overlay-opacity":"","overlay-gradient":""},"mobile":{"background-color":"","background-image":"","background-repeat":"repeat","background-position":"center center","background-size":"auto","background-attachment":"scroll","background-type":"","background-media":"","overlay-type":"","overlay-color":"","overlay-opacity":"","overlay-gradient":""}},"ast-content-background-meta":{"desktop":{"background-color":"var(--ast-global-color-4)","background-image":"","background-repeat":"repeat","background-position":"center center","background-size":"auto","background-attachment":"scroll","background-type":"","background-media":"","overlay-type":"","overlay-color":"","overlay-opacity":"","overlay-gradient":""},"tablet":{"background-color":"var(--ast-global-color-4)","background-image":"","background-repeat":"repeat","background-position":"center center","background-size":"auto","background-attachment":"scroll","background-type":"","background-media":"","overlay-type":"","overlay-color":"","overlay-opacity":"","overlay-gradient":""},"mobile":{"background-color":"var(--ast-global-color-4)","background-image":"","background-repeat":"repeat","background-position":"center center","background-size":"auto","background-attachment":"scroll","background-type":"","background-media":"","overlay-type":"","overlay-color":"","overlay-opacity":"","overlay-gradient":""}},"footnotes":""},"class_list":["post-62","page","type-page","status-publish","hentry"],"_links":{"self":[{"href":"https:\/\/freiburgerbsv.de\/index.php\/wp-json\/wp\/v2\/pages\/62","targetHints":{"allow":["GET"]}}],"collection":[{"href":"https:\/\/freiburgerbsv.de\/index.php\/wp-json\/wp\/v2\/pages"}],"about":[{"href":"https:\/\/freiburgerbsv.de\/index.php\/wp-json\/wp\/v2\/types\/page"}],"author":[{"embeddable":true,"href":"https:\/\/freiburgerbsv.de\/index.php\/wp-json\/wp\/v2\/users\/1"}],"replies":[{"embeddable":true,"href":"https:\/\/freiburgerbsv.de\/index.php\/wp-json\/wp\/v2\/comments?post=62"}],"version-history":[{"count":113,"href":"https:\/\/freiburgerbsv.de\/index.php\/wp-json\/wp\/v2\/pages\/62\/revisions"}],"predecessor-version":[{"id":116,"href":"https:\/\/freiburgerbsv.de\/index.php\/wp-json\/wp\/v2\/pages\/62\/revisions\/116"}],"wp:attachment":[{"href":"https:\/\/freiburgerbsv.de\/index.php\/wp-json\/wp\/v2\/media?parent=62"}],"curies":[{"name":"wp","href":"https:\/\/api.w.org\/{rel}","templated":true}]}}